*i - m*a + 4002, -a - 2404 = 12*i - 15*i. What is the tens digit of i?
0
Suppose 4*c + 14 = -5*n, n - 4*c + 3 = -5*c. What is the tens digit of n - -802*(-5)/(-10)?
9
What is the tens digit of ((-420393)/(-68))/(5/(40/3))?
8
Let b(m) = -m**3 + 3*m**2 - 3*m + 2. Let c be b(1). What is the units digit of -764*c*((-147)/(-28) - 6)?
3
Suppose -v = -10*v + 99. Suppose -5*u + 26 = v. Suppose 2*q - u = -7, 2*n + 4*q = 202. What is the hundreds digit of n?
1
Let t = -2487 + 5281. What is the tens digit of t?
9
Suppose -98*v + 831763 = 2095. What is the hundreds digit of v?
4
Let v be 6/18*(1 - -8). Suppose 8 = 3*o - 2*m, -v*o - 3*m + 22 = 2*m. Suppose -10*g + 5*g = o*u - 611, -2*u - g = -307. What is the hundreds digit of u?
1
Let v(q) = -q**3 + 32*q**2 + 31*q + 64. Let u be v(33). Let h(r) = 171*r**2 - 9*r - 4. What is the hundreds digit of h(u)?
6
Let c(y) = 170*y**2 + 57*y + 245. What is the units digit of c(-6)?
3
Let m(u) = 229*u**2 - 30*u - 1514. What is the thousands digit of m(-18)?
3
Let h be (-292)/(-18) - 16/72. Let l = -38 + h. What is the units digit of l/(-55) - 18/(-5)?
4
Suppose -5*z + 3*r + 11 = 0, -z + 3 = -6*z - 4*r. Let u be (9 - (z - 1))*1/3. Suppose -5 = 3*t - 3*a - 176, -3*a - u = 0. What is the units digit of t?
6
Suppose 10*d - 89392 - 58763 = -41*d. What is the thousands digit of d?
2
Let d(t) = 5*t - 17. Let l be d(-5). What is the units digit of (l/18)/((-9)/54)?
4
Let b(d) = 8*d**3 - 4*d**2 - 2. Suppose 2*y + 2*u - 17 = -3*y, 3*y + 3*u - 3 = 0. What is the hundreds digit of b(y)?
8
Suppose 3*z + 0*n + 77 = -2*n, 2*z = n - 49. What is the hundreds digit of (-1)/10*z*182?
4
Let y = 596 - 616. What is the tens digit of 51860/45 - (y/36 - -1)?
5
Let n be (5 + -10 - -5) + 28. Let m = n + 35. What is the units digit of m?
3
What is the thousands digit of (2 - 0) + (1671 - (-90)/(-9)) + 0?
1
Suppose 89*x - 982173 = 1870010. What is the ten thousands digit of x?
3
What is the units digit of (-20)/190 - (-2515725)/285?
7
Let h = 1033 - 604. Suppose 137 - h = -4*z. Let r = z - 41. What is the tens digit of r?
3
What is the units digit of -3 - 43/(344/(-486048))?
3
Suppose 38*x - 17*x - 206943 = 6606. What is the thousands digit of x?
0
Let w(t) = -3474*t + 820. What is the tens digit of w(-23)?
2
Let s = -86 - -92. Let g be 124/3*s/(-4). Let u = 21 - g. What is the units digit of u?
3
Let b(u) = -19*u**2 - 1. Let o be b(0). What is the units digit of ((-1564)/(-16))/(6/(-8) - o)?
1
Let q(b) = b**2 - 6*b - 8. Let z be q(6). What is the hundreds digit of 24/(-192) + 0 + (-937)/z?
1
Let y = 1520 - 1466. Suppose 5 = -l, -4*a - 120 = -5*l + 23. Let m = y + a. What is the tens digit of m?
1
Let k(o) = -o**3 + 5*o**2 + o + 30. Let l be k(6). Suppose 1721 = 3*j + 2*b, -4*b = 4*j - l*j - 2292. What is the hundreds digit of j?
5
Suppose 0 = 10*s + 5*s - 235525 - 22460. What is the hundreds digit of s?
1
Let k(b) = 2*b + b**2 + 2*b - 5*b + 2*b + 3. Let t be k(0). What is the units digit of t*(106/6 + (-2)/1)?
7
Let g(m) = -m**2 - 15*m - 40. Let y be g(-15). What is the tens digit of 754/1 + (y - -45)?
5
Let i(o) = 4*o**2 + 108*o + 267. What is the ten thousands digit of i(-111)?
3
Suppose 21*f + 2*s = 16*f + 340386, 4*f + s - 272307 = 0. What is the units digit of f?
6
Let s(j) = -j**2 + 10*j - 21. Let u be s(6). Suppose 3*w - 1935 = -u*q, 647 = q + w - 2*w. What is the tens digit of q?
4
Suppose -5*w = -0*m + 4*m - 12, 2*m + 5*w = 6. Suppose -l - 1099 = -m*t - 2*t, -5*t = -3*l - 1097. Suppose 5*q = -0*q + t. What is the units digit of q?
4
Suppose -8*g = -67973 + 50989. What is the thousands digit of g?
2
Let q(v) = -v**3 - 4*v**2 - 3*v - 1. Let j be q(-4). Let u(s) = 3*s**2 - 28*s - 4. Let f be u(j). What is the units digit of (-5)/5 + 0 + f?
0
Let z = -24 + 26. Let y(s) = -1 + 18*s**z - 2 - 2 + 2 - 2*s. What is the units digit of y(-2)?
3
Suppose 59*s - 65*s = -6000. What is the hundreds digit of s + 2 + -2 + -12 + 16?
0
What is the thousands digit of (39/117 - (-9314)/30)*13*5?
0
Suppose 148 = 11*f + 38. Suppose 5*s + f = 0, -4*d + 181 = -d + 4*s. What is the units digit of d?
3
Suppose -3*h - 5*m + 7 + 25 = 0, 0 = 3*h + 3*m - 24. Let l(v) = h*v - 2*v + 4*v**2 + 4 - 6*v. What is the units digit of l(1)?
4
Let k(i) = -2*i**2 + 44*i - 25. Let f be k(21). Let m(s) = s**3 - 16*s**2 + 3*s - 18. What is the units digit of m(f)?
2
Let f = 1589 + 11239. What is the hundreds digit of f?
8
Let i = 52 - 50. Let q(p) = 14*p**2 + 4*p - 1. Let h be q(i). Suppose 5*j + h - 518 = 0. What is the units digit of j?
1
Suppose 2*q + 1722 = 5*o, 3*o - 573 = 3*q + 462. What is the tens digit of (2 - o/6)*(-12)/8?
8
Suppose -3*k + 4*l = 17, 4*k + 4*l - 4 = -8. What is the tens digit of 28/(-7) + (767 - k)?
6
Let w = 72728 - 47526. What is the thousands digit of w?
5
What is the thousands digit of 1968/(-2460) - (1 - (-67048)/(-10))?
6
Suppose 258*q = 2*w + 262*q - 2140, -4308 = -4*w - q. What is the units digit of w?
8
Suppose -6 = 3*r, -r + 5 = -4*c + 39. Suppose -4*b = -2*d - 2368, -1776 = -11*b + c*b - 5*d. What is the units digit of b?
2
Suppose -384 = 12*f - 1392. Suppose 364 = -4*i - f. Let v = i + 161. What is the units digit of v?
9
Let l be -612*(-8)/((-96)/(-9)). Suppose -2*p + 3*u + 680 = 0, 4*p = u + 911 + l. What is the tens digit of p?
4
Let o be (-2320)/(-1276) - (-6)/33. Let w(x) be the third derivative of x**6/60 - x**5/30 + 5*x**4/24 - 5*x**3/6 + x**2. What is the tens digit of w(o)?
1
Let p(l) = -2*l + 10. Suppose 2*c - 8*c + 18 = 0. Let o be p(c). What is the units digit of 15 - 1 - (-3 + o)*-2?
6
Let o(y) = 27*y**2 - 84*y - 168. What is the hundreds digit of o(38)?
6
Let y(x) = 2*x**2 - 4*x. Let g(k) = k**2 + 13*k - 10. Let n be g(-14). Let r be y(n). Let p = 31 + r. What is the tens digit of p?
4
Let b = 2326 + -801. What is the units digit of b?
5
Suppose 85 = 9*i - 8*i. Suppose -7*b - 1 = -i. What is the tens digit of b?
1
Suppose 8 = 6*c + 50. Let z(q) = -4*q**3 + 8*q**2 + 2*q + 1. What is the tens digit of z(c)?
5
What is the thousands digit of 27328291/1645 - 8/(-140)?
6
What is the units digit of 157 - (6/(-18) + 4/(-6))?
8
Suppose 6*k + 525 = 9*k. Suppose k = -6*w + w. Let i = 104 - w. What is the units digit of i?
9
Let t be 17 - 11 - -27*69. Suppose 0 = 913*b - 920*b + t. What is the tens digit of b?
6
Suppose -8*u + 9585 = -1399. Let j(q) = -22*q**3 - 6*q**2 + 3*q - 1. Let t be j(-3). Suppose -t = -11*k + u. What is the units digit of k?
3
Suppose -2*d - 37*v + 5738 = -32*v, -5730 = -2*d - v. What is the tens digit of d?
6
Suppose -2*i + 8 = 0, 4*i = -211*c + 214*c - 54299. What is the hundreds digit of c?
1
Suppose 297*p = 295*p - 678. Let f = 228 - p. What is the hundreds digit of f?
5
Let f(i) = -i. Let b(x) = -192*x + 95*x - 1 + 91*x - 53. Let j(c) = -b(c) + 3*f(c). What is the units digit of j(-16)?
6
Let g(o) = 2*o**3 - 99*o**2 - 92*o + 1280. What is the thousands digit of g(58)?
3
What is the hundreds digit of (39/26)/(6/48*-6) + 49147?
1
Suppose -32286*y + 32280*y + 1602 = 0. What is the hundreds digit of y?
2
Let k(p) = -p**2 + 51*p - 87. Let i be 0/1 - 714/(-21). What is the units digit of k(i)?
1
Suppose 85*r - 18 = 84*r. What is the units digit of 10 + 4*r/24?
3
Suppose -3*q + 7 = 10. Let k be (3 + -8)/(-5) - q. What is the units digit of (2 - 381/(-6))*k/1?
1
Suppose -5306 = 359*w - 93945 - 158712. What is the tens digit of w?
8
Suppose m = -3*c - 37 + 1286, 1253 = m - c. Let z = m + -862. What is the tens digit of z?
9
Suppose n + 69 = 4*f + 12, -3*f = -n - 42. Let l(d) = d**2 - 12*d + 23. What is the tens digit of l(f)?
6
Let a be (-6)/(-16)*2 + (-527)/(-124). Suppose 0 = k + x - 95, 2*k + a*x - 57 = 142. What is the units digit of k?
2
Suppose 6 = 3*l - 3. Let g be 1*((-2)/l)/((-8)/36). Suppose 3*r - 183 = -3*s, s + 208 - 17 = g*r. What is the units digit of r?
3
Let s = -1 - 19. Let n = s + 149. Let q = n + -39. What is the tens digit of q?
9
Suppose 0 = t - 1 + 7. Let d be ((-40)/(-12))/(t/(-9)). Suppose d*x - 114 = 4*x. What is the tens digit of x?
1
Suppose 0 = -5*i + 3*v + 7191, 5*v + 10465 = 5*i + 3280. What is the hundreds digit of i?
4
Let j = -11369 + 15554. What is the units digit of j?
5
What is the ten thousands digit of (-814)/(-6)*((-7 - -437) + (5 - 3))?
5
Let g(p) be the second derivative of p**